greatest common divisor of 6 and v?
2
Let w = -9367 - -9551. What is the greatest common factor of 6095 and w?
23
Suppose -25 = 5*r - 5*b, -5*b + 5 = 6*r - r. Let u be r/3 + (-66)/(-18)*4. Calculate the greatest common factor of u and 238.
14
Suppose 1279*b + h = 1282*b - 190, 2*h = -5*b + 324. What is the greatest common factor of 668 and b?
4
Suppose -5*q = -5*b + 1840, 2*b - 601 - 144 = -q. What is the highest common factor of 7 and b?
7
Let q(a) = 149*a - 1. Let p be q(2). Let r be 27*33/594 - (153/(-2))/3. What is the greatest common factor of p and r?
27
Let c be -6*(-785)/(-10)*-1. Suppose -c = -3*i - 99. Let z be (62/5)/(14 + (-544)/40). Calculate the highest common factor of z and i.
31
Let u be (-5 - (-1282)/(-10))/(2*9/(-45)). What is the highest common factor of 252 and u?
9
Let u(r) = r**3 - r**2 + 6*r - 14. Let j be u(3). Suppose 2*y - 68 = j. What is the highest common divisor of 5 and y?
5
Let o be (5/5 - -1)*(-51)/2. Let l = 53 + o. Suppose -b = i - 7, i - 41 = -2*i + l*b. Calculate the greatest common factor of i and 1.
1
Let a(j) = -j**3 + 3*j**2 + 3*j - 2. Let c be a(2). Suppose -3*y - 585 = -c*y. What is the greatest common divisor of 13 and y?
13
Let n(j) = -j**3 - j**2 + 10*j + 2. Let t(k) = -11*k + 216. Let v be t(20). Let b be n(v). Calculate the highest common factor of 350 and b.
10
Let a = 355 - -425. What is the greatest common factor of a and 60?
60
Suppose 108 = 2*d + 18. Let n = d + -41. Suppose -155 = -5*y + n*y. What is the greatest common divisor of y and 31?
31
Suppose 4*x = 20, 4*f + 3*x - 5*x = 134. Let r = 9 + -4. Suppose -4*i = -4*d - 92, 85 = r*i - 0*d + d. What is the greatest common divisor of i and f?
18
Let d(t) = 168*t**3 + 14*t**2 - 12. Let k(h) = -h**3 - h**2 + 1. Let l(y) = -d(y) - 10*k(y). Let g be l(-1). What is the highest common factor of 12 and g?
12
Let w = 420 - -4880. Calculate the greatest common factor of 53 and w.
53
Let n = 93 + -68. Let m be (-4 - -1)/(15/25). Let v = 10 + m. What is the greatest common factor of v and n?
5
Suppose -4*r = u + 4 - 29, 4*r - u - 15 = 0. Let q(p) = -p**3 + 25*p**2 - 933. Let x be q(23). Calculate the highest common factor of r and x.
5
Let x = 80 - -107. Suppose x + 645 = 4*t. Calculate the greatest common divisor of 13 and t.
13
Let v(a) = 2*a**2 + 2*a + 126. Let g be v(0). Suppose 3*k - 4*k = -g. What is the highest common factor of 21 and k?
21
Let j be 54/27 - (-3 - 0). Suppose -z + 655 = -j*f, -3*z + 1901 = -41*f + 42*f. What is the greatest common divisor of 5 and z?
5
Suppose -2*h + 90 - 10 = 2*d, -3*h - 5*d = -130. Let j = 51 + h. Suppose 5*v = -k - 39 + 170, j = k - 4*v. What is the greatest common factor of 53 and k?
53
Let h = 127 - 184. Let s = h + 89. Let g be ((-40)/s)/((-2)/32). Calculate the highest common factor of 8 and g.
4
Suppose 2*x - x - 32 = 0. Let j be 6*5/30 + 11. Let r be 160 - 0*6/j. Calculate the highest common factor of x and r.
32
Let i = -30 - -35. Suppose i*f = 2*k - 51, -3*k + 4*f + 17 = -42. Suppose 6 = -k*m + 14*m. Calculate the greatest common divisor of m and 48.
6
Let a be (17/5 - 3)*39*(137 - 12). What is the greatest common factor of 1820 and a?
130
Suppose 0 = -13*q + 8788 - 2873. What is the greatest common divisor of q and 91?
91
Let g be 752/(-6)*(-29)/(145/420). Calculate the highest common factor of 16 and g.
16
Suppose 446 = 14*a + 2*a + 126. Suppose 7*d = 3*d + 340. What is the highest common divisor of d and a?
5
Suppose -30*l + 261 = -999. Suppose 2*r + 34*j - 32*j = l, 81 = 4*r + 5*j. Suppose 0 = -7*t + 3*t + 160. What is the highest common factor of t and r?
8
Suppose 8*i - 799 = 1. Calculate the highest common divisor of 32 and i.
4
Let y = 167 - 94. Suppose -t + 74 = y. Suppose -8*d + t = -7. Calculate the greatest common divisor of d and 2.
1
Let z(a) = -3882*a**3 + 17*a**2 + 15*a + 1. Let u be z(-1). What is the highest common divisor of 63 and u?
21
Suppose 2*d - 5691 = 5*k, -3 = 3*d + 3. Let o = k - -208. Let t = o + 1382. What is the highest common divisor of 41 and t?
41
Let b = -15268 + 15270. Calculate the greatest common factor of b and 8926.
2
Let n(x) = x**2 - 4*x + 2. Suppose -30*i - 18 = -33*i. Let y be n(i). Suppose -48*l + 19*l = -1015. Calculate the greatest common factor of l and y.
7
Suppose -28*w - 264 = -3288. Let j = 7 + 2. Let m be (-2 - 1) + 3*j. Calculate the highest common factor of w and m.
12
Suppose 208*s - 6753 = 2815. What is the highest common factor of s and 207?
23
Suppose 23*r + 32*r - 62244 = -8*r. Calculate the greatest common divisor of 1144 and r.
52
Let c(x) = x**2 - 1. Suppose 95 = 5*n + 80. Suppose -5 = -s, 16 = n*a - 4*s + 45. Let t be c(a). What is the greatest common factor of t and 8?
8
Let q(g) = 839*g - 1908. Let d be q(7). What is the greatest common divisor of d and 195?
65
Suppose -10*j + 270 = -55*j. Let d be ((-110)/60)/(1/j) - -1. What is the highest common factor of d and 78?
6
Let m be (50/13 + (-28)/(-182))/2. Let x(w) = 348*w - 12. Let z be x(m). What is the highest common divisor of 36 and z?
36
Let i(t) = -t**3 + 15*t**2 - t + 19. Let l be i(15). Let f = l - 66. Let z = 72 + f. Calculate the highest common factor of z and 10.
10
Suppose 5*a + 5*o - 4705 = 0, -4*o = -3*a + 4226 - 1382. What is the highest common factor of 4 and a?
4
Suppose -148 = -2*d - 0*c - 4*c, 5*d + 4*c - 340 = 0. What is the highest common divisor of d and 1344?
64
Let h(q) = -q**3 + 17*q**2 - 20*q + 17. Let l(c) = -4*c - 12. Let x be l(-7). Let t be h(x). Let m = 67 + t. Calculate the greatest common factor of m and 10.
10
Suppose 3*p + 2*n - 645 = 0, 5*p - 3*n - 1094 = -0*n. Let u be -4 - (3 + -12) - (1 + 0 - 27). Calculate the greatest common factor of p and u.
31
Suppose -15*h = -0*h - 150. Let s be h/((14/(-21))/(22/(-6))). Calculate the highest common divisor of 11 and s.
11
Let d(o) = 33*o - 989. Let c be d(35). Calculate the highest common divisor of c and 913.
83
Let c = 5697 - 5667. Suppose -4*f + 195 = -245. What is the highest common divisor of f and c?
10
Let u(g) = g**2 - 35*g + 34. Let o be u(-11). Calculate the highest common factor of o and 160.
20
Let b be -3 + 63/(-7) + 70 + -3. Let z be -10*(-484)/8 + 0. Calculate the highest common divisor of b and z.
55
Let r = -8271 + 5142. Let w be 38*(r/(-154) + (-6)/(-33)). Calculate the highest common factor of 41 and w.
41
Suppose 30*j = -7*j - 49*j + 7224. Calculate the highest common factor of j and 259.
7
Let z(w) = -w**2 - 6*w + 8. Let y be z(-4). Let i be 166/y - (-21)/(-56). What is the greatest common factor of 80 and i?
10
Let d(l) = 122*l**2 - 172*l + 1116. Let o be d(6). What is the greatest common factor of o and 24?
12
Let r = -495 + 543. Let w be 1131/15 - r/(-80). What is the highest common factor of w and 76?
76
Let c = 4243 - 4234. Calculate the highest common divisor of c and 3744.
9
Let d = -17 + 19. Let m be (-1 - -36)*(d + -4 + 7). What is the highest common divisor of 25 and m?
25
Let g(s) = -2 - 22*s - 507*s + 4 - 3. Let k be g(-1). Calculate the greatest common divisor of k and 48.
48
Let a(g) = -4*g**3 - g**2 + 17*g - 16. Let b be a(6). Let h = b + 1120. Calculate the highest common factor of 18 and h.
18
Let d be ((-9)/2)/(-3) - 39150/(-300). Calculate the highest common divisor of d and 36.
12
Suppose m = -4*x + 351, -17*m + 2*x = -22*m + 1773. Suppose 4*d + 5*f - 275 = 0, -4*d + 5*f = d - m. What is the greatest common factor of d and 10?
10
Let p(f) = -49*f**3 - 3*f**2 + 4*f - 13. Let z be p(3). Let m be (3*-2)/(z/112 - -12). What is the greatest common factor of 64 and m?
32
Suppose 3*b - 4*j - 76 = -b, -5*b + 140 = 4*j. Let v(r) = r**2 + 60. Let m be v(0). Suppose 0 = u + 4*u - m. What is the highest common factor of b and u?
12
Let x(f) = -15*f - 9. Let j be x(-2). Calculate the highest common divisor of j and 1337.
7
Let j = 4 - 0. Suppose j*h - 22 - 18 = 0. Calculate the highest common divisor of h and 6.
2
Suppose q - 5*q = 3*z - 524, 2*q + 2*z = 264. Suppose -346 = -10*m + 294. What is the greatest common factor of q and m?
64
Suppose 6099 = 85*c - 8266. What is the greatest common factor of 247 and c?
13
Let a = 136 - 136. Suppose -15*s + 48 = -14*s - 3*j, a = -4*s - 3*j + 192. What is the highest common factor of 18 and s?
6
Let n be (21/6)/(1/2). Suppose 0 = -p - 2*